{"id":15649,"date":"2025-04-14T10:34:51","date_gmt":"2025-04-14T10:34:51","guid":{"rendered":"https:\/\/juriserver.de\/youpod.stagin\/?page_id=15649"},"modified":"2025-07-08T12:12:22","modified_gmt":"2025-07-08T10:12:22","slug":"ueber-uns","status":"publish","type":"page","link":"https:\/\/juriserver.de\/youpod.stagin\/seiten\/ueber-uns\/","title":{"rendered":"\u00dcber uns"},"content":{"rendered":"<div class=\"wpb-content-wrapper\"><p>[vc_row][vc_column][vc_column_text css=&#8221;&#8221;]<\/p>\n<h4>youpod ist das D\u00fcsseldorfer Jugendportal \u2013 also eine Internetseite extra f\u00fcr dich.<br \/>\nDu findest hier aktuelle News aus allen Bereichen deiner Stadt. Es gibt coole Events im Jugend-Kalender, tolle Orte im Jugend-Stadtplan und Hilfe, Tipps und Tricks, die dich im Leben weiterbringen. Die Infos \u00fcber deine Stadt sind multimedial.<\/h4>\n<p>Was du bei youpod findest und wie es aussehen soll, haben Jugendliche aus D\u00fcsseldorf selbst bestimmt. Und auch du kannst mitmachen, wenn du zwischen 14 und 21 Jahren bist.[\/vc_column_text][\/vc_column][\/vc_row][vc_row][vc_column]<div class=\"standard-arrow list-divider bullet-top\"><h3>youpod zum Mitmachen<\/h3>\n<p><strong>Du kannst:<\/strong><\/p>\n<ul>\n<li>dich auf youpod informieren,<\/li>\n<li>Artikel, Termine, Orte, Videos, Fotos, Audios hochladen,<\/li>\n<li>zu den Redaktionstreffen kommen,<\/li>\n<li>an den Medien-Workshops teilnehmen (mehrmals im Jahr in den Ferien oder an Wochenenden).<\/li>\n<\/ul>\n<\/div><style type=\"text\/css\" data-type=\"the7_shortcodes-inline-css\">#default-btn-3683c4e0ed599ae52048641868b75e69.ico-right-side > i {\n  margin-right: 0px;\n  margin-left: 8px;\n}\n#default-btn-3683c4e0ed599ae52048641868b75e69 > i {\n  margin-right: 8px;\n}\n<\/style><a href=\"https:\/\/juriserver.de\/youpod.stagin\/seiten\/kontakt\/\" class=\"default-btn-shortcode dt-btn dt-btn-m link-hover-off btn-inline-left \" id=\"default-btn-3683c4e0ed599ae52048641868b75e69\" title=\"Kontakt\"><span>Kontakt zur Redaktion<\/span><\/a>[vc_empty_space][\/vc_column][\/vc_row][vc_row][vc_column][vc_column_text css=&#8221;&#8221;]<\/p>\n<h3><strong>Der Name youpod<\/strong><\/h3>\n<p>\u00dcbrigens: Dass youpod tats\u00e4chlich ein Portal f\u00fcr und von Jugendlichen in D\u00fcsseldorf ist, zeigt schon der Name: YOUPOD steht f\u00fcr Jugendportal D\u00fcsseldorf, wobei wir f\u00fcr das Wort &#8220;Jugend&#8221; den englischen Ausdruck &#8220;Youth&#8221; verwendet haben: <strong>YO<\/strong>Uth-<strong>PO<\/strong>rtal<strong>\u00a0D<\/strong>\u00fcsseldorf. Das &#8220;You&#8221; soll verst\u00e4rken, dass &#8220;du&#8221; etwas beitr\u00e4gst.[\/vc_column_text][\/vc_column][\/vc_row][vc_row][vc_column][vc_column_text css=&#8221;&#8221;]<\/p>\n<h3><strong>youpod in den sozialen Netzwerken<\/strong><\/h3>\n<p>[\/vc_column_text]<style type=\"text\/css\" data-type=\"the7_shortcodes-inline-css\">.dt-shortcode-soc-icons.soc-icons-82acdde8765a6552b1b3f18910f20ca9 a {\n  margin-right: 4px;\n}\n.dt-shortcode-soc-icons a.soc-icons-82acdde8765a6552b1b3f18910f20ca9 {\n  margin-right: 4px;\n}\n.dt-shortcode-soc-icons a.soc-icons-82acdde8765a6552b1b3f18910f20ca9:last-child {\n  margin-right: 0;\n}\n.dt-shortcode-soc-icons a.soc-icons-82acdde8765a6552b1b3f18910f20ca9:before,\n.dt-shortcode-soc-icons a.soc-icons-82acdde8765a6552b1b3f18910f20ca9:after {\n  padding: inherit;\n}\n.dt-shortcode-soc-icons a.soc-icons-82acdde8765a6552b1b3f18910f20ca9.dt-icon-border-on:before {\n  border:  solid ;\n}\n.dt-shortcode-soc-icons a.soc-icons-82acdde8765a6552b1b3f18910f20ca9.dt-icon-hover-border-on:after {\n  border:  solid ;\n}\n<\/style><div class=\"dt-shortcode-soc-icons youpod_social_icons_fix soc-icons-82acdde8765a6552b1b3f18910f20ca9 soc-icons-left  vc_custom_1744627099603\" ><style type=\"text\/css\" data-type=\"the7_shortcodes-inline-css\">.dt-shortcode-soc-icons a.single-soc-icon-fb6529e3218ff21f660ad10922d858b6 {\n  min-width: 45px;\n  min-height: 45px;\n  font-size: 32px;\n  border-radius: 100px;\n}\n.dt-shortcode-soc-icons a.single-soc-icon-fb6529e3218ff21f660ad10922d858b6:last-child {\n  margin-right: 0;\n}\n.dt-shortcode-soc-icons a.single-soc-icon-fb6529e3218ff21f660ad10922d858b6:before,\n.dt-shortcode-soc-icons a.single-soc-icon-fb6529e3218ff21f660ad10922d858b6:after {\n  min-width: 45px;\n  min-height: 45px;\n  padding: inherit;\n}\n#page .dt-shortcode-soc-icons a.single-soc-icon-fb6529e3218ff21f660ad10922d858b6.dt-icon-bg-on:before,\n#phantom .dt-shortcode-soc-icons a.single-soc-icon-fb6529e3218ff21f660ad10922d858b6.dt-icon-bg-on:before {\n  background: #FFFFFF;\n}\n.dt-shortcode-soc-icons a.single-soc-icon-fb6529e3218ff21f660ad10922d858b6.dt-icon-border-on:before {\n  border: 0px solid ;\n}\n.dt-shortcode-soc-icons a.single-soc-icon-fb6529e3218ff21f660ad10922d858b6.dt-icon-hover-border-on:after {\n  border: 0px solid ;\n}\n.dt-shortcode-soc-icons a.single-soc-icon-fb6529e3218ff21f660ad10922d858b6:hover {\n  font-size: 32px;\n}\n#page .dt-shortcode-soc-icons a.single-soc-icon-fb6529e3218ff21f660ad10922d858b6:hover .soc-font-icon,\n#phantom .dt-shortcode-soc-icons a.single-soc-icon-fb6529e3218ff21f660ad10922d858b6:hover .soc-font-icon,\n#page .dt-shortcode-soc-icons a.single-soc-icon-fb6529e3218ff21f660ad10922d858b6:hover .soc-icon,\n#phantom .dt-shortcode-soc-icons a.single-soc-icon-fb6529e3218ff21f660ad10922d858b6:hover .soc-icon {\n  color: #FFFFFF;\n  background: none;\n}\n#page .dt-shortcode-soc-icons a.single-soc-icon-fb6529e3218ff21f660ad10922d858b6.dt-icon-hover-bg-on:after,\n#phantom .dt-shortcode-soc-icons a.single-soc-icon-fb6529e3218ff21f660ad10922d858b6.dt-icon-hover-bg-on:after {\n  background: #833AB4;\n}\n#page .dt-shortcode-soc-icons a.single-soc-icon-fb6529e3218ff21f660ad10922d858b6:not(:hover) .soc-font-icon,\n#phantom .dt-shortcode-soc-icons a.single-soc-icon-fb6529e3218ff21f660ad10922d858b6:not(:hover) .soc-font-icon,\n#page .dt-shortcode-soc-icons a.single-soc-icon-fb6529e3218ff21f660ad10922d858b6:not(:hover) .soc-icon,\n#phantom .dt-shortcode-soc-icons a.single-soc-icon-fb6529e3218ff21f660ad10922d858b6:not(:hover) .soc-icon {\n  color: #833AB4;\n  background: none;\n}\n.dt-shortcode-soc-icons a.single-soc-icon-fb6529e3218ff21f660ad10922d858b6 .soc-font-icon,\n.dt-shortcode-soc-icons a.single-soc-icon-fb6529e3218ff21f660ad10922d858b6 .soc-icon {\n  font-size: 32px;\n}\n<\/style><a title=\"Instagram\" href=\"https:\/\/www.instagram.com\/youpod.de\/\" target=\"_blank\" class=\"instagram single-soc-icon-fb6529e3218ff21f660ad10922d858b6 dt-icon-bg-on dt-icon-border-on dt-icon-hover-border-on dt-icon-hover-bg-on\"><i class=\"soc-icon soc-font-icon dt-icon-instagram\"><\/i><span class=\"screen-reader-text\">Instagram<\/span><\/a><style type=\"text\/css\" data-type=\"the7_shortcodes-inline-css\">.dt-shortcode-soc-icons a.single-soc-icon-65cb117e4341299486fa82c774e7bef6 {\n  min-width: 45px;\n  min-height: 45px;\n  font-size: 32px;\n  border-radius: 100px;\n}\n.dt-shortcode-soc-icons a.single-soc-icon-65cb117e4341299486fa82c774e7bef6:last-child {\n  margin-right: 0;\n}\n.dt-shortcode-soc-icons a.single-soc-icon-65cb117e4341299486fa82c774e7bef6:before,\n.dt-shortcode-soc-icons a.single-soc-icon-65cb117e4341299486fa82c774e7bef6:after {\n  min-width: 45px;\n  min-height: 45px;\n  padding: inherit;\n}\n#page .dt-shortcode-soc-icons a.single-soc-icon-65cb117e4341299486fa82c774e7bef6.dt-icon-bg-on:before,\n#phantom .dt-shortcode-soc-icons a.single-soc-icon-65cb117e4341299486fa82c774e7bef6.dt-icon-bg-on:before {\n  background: #FFFFFF;\n}\n.dt-shortcode-soc-icons a.single-soc-icon-65cb117e4341299486fa82c774e7bef6.dt-icon-border-on:before {\n  border: 0px solid ;\n}\n.dt-shortcode-soc-icons a.single-soc-icon-65cb117e4341299486fa82c774e7bef6.dt-icon-hover-border-on:after {\n  border: 0px solid ;\n}\n.dt-shortcode-soc-icons a.single-soc-icon-65cb117e4341299486fa82c774e7bef6:hover {\n  font-size: 32px;\n}\n#page .dt-shortcode-soc-icons a.single-soc-icon-65cb117e4341299486fa82c774e7bef6:hover .soc-font-icon,\n#phantom .dt-shortcode-soc-icons a.single-soc-icon-65cb117e4341299486fa82c774e7bef6:hover .soc-font-icon,\n#page .dt-shortcode-soc-icons a.single-soc-icon-65cb117e4341299486fa82c774e7bef6:hover .soc-icon,\n#phantom .dt-shortcode-soc-icons a.single-soc-icon-65cb117e4341299486fa82c774e7bef6:hover .soc-icon {\n  color: #FFFFFF;\n  background: none;\n}\n#page .dt-shortcode-soc-icons a.single-soc-icon-65cb117e4341299486fa82c774e7bef6.dt-icon-hover-bg-on:after,\n#phantom .dt-shortcode-soc-icons a.single-soc-icon-65cb117e4341299486fa82c774e7bef6.dt-icon-hover-bg-on:after {\n  background: #EE1D52;\n}\n#page .dt-shortcode-soc-icons a.single-soc-icon-65cb117e4341299486fa82c774e7bef6:not(:hover) .soc-font-icon,\n#phantom .dt-shortcode-soc-icons a.single-soc-icon-65cb117e4341299486fa82c774e7bef6:not(:hover) .soc-font-icon,\n#page .dt-shortcode-soc-icons a.single-soc-icon-65cb117e4341299486fa82c774e7bef6:not(:hover) .soc-icon,\n#phantom .dt-shortcode-soc-icons a.single-soc-icon-65cb117e4341299486fa82c774e7bef6:not(:hover) .soc-icon {\n  color: #EE1D52;\n  background: none;\n}\n.dt-shortcode-soc-icons a.single-soc-icon-65cb117e4341299486fa82c774e7bef6 .soc-font-icon,\n.dt-shortcode-soc-icons a.single-soc-icon-65cb117e4341299486fa82c774e7bef6 .soc-icon {\n  font-size: 32px;\n}\n<\/style><a title=\"\" href=\"https:\/\/www.tiktok.com\/@youpod.de\" target=\"_blank\" class=\"fab fa-tiktok single-soc-icon-65cb117e4341299486fa82c774e7bef6 dt-icon-bg-on dt-icon-border-on dt-icon-hover-border-on dt-icon-hover-bg-on\"><i class=\"soc-icon fab fa-tiktok\"><\/i><span class=\"screen-reader-text\"><\/span><\/a><style type=\"text\/css\" data-type=\"the7_shortcodes-inline-css\">.dt-shortcode-soc-icons a.single-soc-icon-5e963f8069195a54c16d1e666a1fabf2 {\n  min-width: 45px;\n  min-height: 45px;\n  font-size: 32px;\n  border-radius: 100px;\n}\n.dt-shortcode-soc-icons a.single-soc-icon-5e963f8069195a54c16d1e666a1fabf2:last-child {\n  margin-right: 0;\n}\n.dt-shortcode-soc-icons a.single-soc-icon-5e963f8069195a54c16d1e666a1fabf2:before,\n.dt-shortcode-soc-icons a.single-soc-icon-5e963f8069195a54c16d1e666a1fabf2:after {\n  min-width: 45px;\n  min-height: 45px;\n  padding: inherit;\n}\n#page .dt-shortcode-soc-icons a.single-soc-icon-5e963f8069195a54c16d1e666a1fabf2.dt-icon-bg-on:before,\n#phantom .dt-shortcode-soc-icons a.single-soc-icon-5e963f8069195a54c16d1e666a1fabf2.dt-icon-bg-on:before {\n  background: #FFFFFF;\n}\n.dt-shortcode-soc-icons a.single-soc-icon-5e963f8069195a54c16d1e666a1fabf2.dt-icon-border-on:before {\n  border: 0px solid ;\n}\n.dt-shortcode-soc-icons a.single-soc-icon-5e963f8069195a54c16d1e666a1fabf2.dt-icon-hover-border-on:after {\n  border: 0px solid ;\n}\n.dt-shortcode-soc-icons a.single-soc-icon-5e963f8069195a54c16d1e666a1fabf2:hover {\n  font-size: 32px;\n}\n#page .dt-shortcode-soc-icons a.single-soc-icon-5e963f8069195a54c16d1e666a1fabf2:hover .soc-font-icon,\n#phantom .dt-shortcode-soc-icons a.single-soc-icon-5e963f8069195a54c16d1e666a1fabf2:hover .soc-font-icon,\n#page .dt-shortcode-soc-icons a.single-soc-icon-5e963f8069195a54c16d1e666a1fabf2:hover .soc-icon,\n#phantom .dt-shortcode-soc-icons a.single-soc-icon-5e963f8069195a54c16d1e666a1fabf2:hover .soc-icon {\n  color: #FFFFFF;\n  background: none;\n}\n#page .dt-shortcode-soc-icons a.single-soc-icon-5e963f8069195a54c16d1e666a1fabf2.dt-icon-hover-bg-on:after,\n#phantom .dt-shortcode-soc-icons a.single-soc-icon-5e963f8069195a54c16d1e666a1fabf2.dt-icon-hover-bg-on:after {\n  background: #44BA45;\n}\n#page .dt-shortcode-soc-icons a.single-soc-icon-5e963f8069195a54c16d1e666a1fabf2:not(:hover) .soc-font-icon,\n#phantom .dt-shortcode-soc-icons a.single-soc-icon-5e963f8069195a54c16d1e666a1fabf2:not(:hover) .soc-font-icon,\n#page .dt-shortcode-soc-icons a.single-soc-icon-5e963f8069195a54c16d1e666a1fabf2:not(:hover) .soc-icon,\n#phantom .dt-shortcode-soc-icons a.single-soc-icon-5e963f8069195a54c16d1e666a1fabf2:not(:hover) .soc-icon {\n  color: #44BA45;\n  background: none;\n}\n.dt-shortcode-soc-icons a.single-soc-icon-5e963f8069195a54c16d1e666a1fabf2 .soc-font-icon,\n.dt-shortcode-soc-icons a.single-soc-icon-5e963f8069195a54c16d1e666a1fabf2 .soc-icon {\n  font-size: 32px;\n}\n<\/style><a title=\"\" href=\"https:\/\/www.whatsapp.com\/channel\/0029VaLScvuCsU9VsZVmmR3y\" target=\"_blank\" class=\"fab fa-whatsapp single-soc-icon-5e963f8069195a54c16d1e666a1fabf2 dt-icon-bg-on dt-icon-border-on dt-icon-hover-border-on dt-icon-hover-bg-on\"><i class=\"soc-icon fab fa-whatsapp\"><\/i><span class=\"screen-reader-text\"><\/span><\/a><style type=\"text\/css\" data-type=\"the7_shortcodes-inline-css\">.dt-shortcode-soc-icons a.single-soc-icon-5522d96deb201b08a0e7c5afa823be08 {\n  min-width: 45px;\n  min-height: 45px;\n  font-size: 32px;\n  border-radius: 100px;\n}\n.dt-shortcode-soc-icons a.single-soc-icon-5522d96deb201b08a0e7c5afa823be08:last-child {\n  margin-right: 0;\n}\n.dt-shortcode-soc-icons a.single-soc-icon-5522d96deb201b08a0e7c5afa823be08:before,\n.dt-shortcode-soc-icons a.single-soc-icon-5522d96deb201b08a0e7c5afa823be08:after {\n  min-width: 45px;\n  min-height: 45px;\n  padding: inherit;\n}\n#page .dt-shortcode-soc-icons a.single-soc-icon-5522d96deb201b08a0e7c5afa823be08.dt-icon-bg-on:before,\n#phantom .dt-shortcode-soc-icons a.single-soc-icon-5522d96deb201b08a0e7c5afa823be08.dt-icon-bg-on:before {\n  background: #FFFFFF;\n}\n.dt-shortcode-soc-icons a.single-soc-icon-5522d96deb201b08a0e7c5afa823be08.dt-icon-border-on:before {\n  border: 0px solid ;\n}\n.dt-shortcode-soc-icons a.single-soc-icon-5522d96deb201b08a0e7c5afa823be08.dt-icon-hover-border-on:after {\n  border: 0px solid ;\n}\n.dt-shortcode-soc-icons a.single-soc-icon-5522d96deb201b08a0e7c5afa823be08:hover {\n  font-size: 32px;\n}\n#page .dt-shortcode-soc-icons a.single-soc-icon-5522d96deb201b08a0e7c5afa823be08:hover .soc-font-icon,\n#phantom .dt-shortcode-soc-icons a.single-soc-icon-5522d96deb201b08a0e7c5afa823be08:hover .soc-font-icon,\n#page .dt-shortcode-soc-icons a.single-soc-icon-5522d96deb201b08a0e7c5afa823be08:hover .soc-icon,\n#phantom .dt-shortcode-soc-icons a.single-soc-icon-5522d96deb201b08a0e7c5afa823be08:hover .soc-icon {\n  color: #FFFFFF;\n  background: none;\n}\n#page .dt-shortcode-soc-icons a.single-soc-icon-5522d96deb201b08a0e7c5afa823be08.dt-icon-hover-bg-on:after,\n#phantom .dt-shortcode-soc-icons a.single-soc-icon-5522d96deb201b08a0e7c5afa823be08.dt-icon-hover-bg-on:after {\n  background: #FF0000;\n}\n#page .dt-shortcode-soc-icons a.single-soc-icon-5522d96deb201b08a0e7c5afa823be08:not(:hover) .soc-font-icon,\n#phantom .dt-shortcode-soc-icons a.single-soc-icon-5522d96deb201b08a0e7c5afa823be08:not(:hover) .soc-font-icon,\n#page .dt-shortcode-soc-icons a.single-soc-icon-5522d96deb201b08a0e7c5afa823be08:not(:hover) .soc-icon,\n#phantom .dt-shortcode-soc-icons a.single-soc-icon-5522d96deb201b08a0e7c5afa823be08:not(:hover) .soc-icon {\n  color: #FF0000;\n  background: none;\n}\n.dt-shortcode-soc-icons a.single-soc-icon-5522d96deb201b08a0e7c5afa823be08 .soc-font-icon,\n.dt-shortcode-soc-icons a.single-soc-icon-5522d96deb201b08a0e7c5afa823be08 .soc-icon {\n  font-size: 32px;\n}\n<\/style><a title=\"\" href=\"https:\/\/www.youtube.com\/c\/youpoddusseldorf\" target=\"_blank\" class=\"fab fa-youtube single-soc-icon-5522d96deb201b08a0e7c5afa823be08 dt-icon-bg-on dt-icon-border-on dt-icon-hover-border-on dt-icon-hover-bg-on vc_custom_1746541221123\"><i class=\"soc-icon fab fa-youtube\"><\/i><span class=\"screen-reader-text\"><\/span><\/a><\/div>[\/vc_column][\/vc_row]<\/p>\n<\/div>","protected":false},"excerpt":{"rendered":"<p>[vc_row][vc_column][vc_column_text css=&#8221;&#8221;] youpod ist das D\u00fcsseldorfer Jugendportal \u2013 also eine Internetseite extra f\u00fcr dich. Du findest hier aktuelle News aus allen Bereichen deiner Stadt. Es&#038;nbsp&#8230;<\/p>\n","protected":false},"author":1,"featured_media":45025,"parent":15647,"menu_order":0,"comment_status":"closed","ping_status":"closed","template":"","meta":{"inline_featured_image":false,"footnotes":""},"class_list":["post-15649","page","type-page","status-publish","has-post-thumbnail","hentry","description-off"],"_links":{"self":[{"href":"https:\/\/juriserver.de\/youpod.stagin\/wp-json\/wp\/v2\/pages\/15649","targetHints":{"allow":["GET"]}}],"collection":[{"href":"https:\/\/juriserver.de\/youpod.stagin\/wp-json\/wp\/v2\/pages"}],"about":[{"href":"https:\/\/juriserver.de\/youpod.stagin\/wp-json\/wp\/v2\/types\/page"}],"author":[{"embeddable":true,"href":"https:\/\/juriserver.de\/youpod.stagin\/wp-json\/wp\/v2\/users\/1"}],"replies":[{"embeddable":true,"href":"https:\/\/juriserver.de\/youpod.stagin\/wp-json\/wp\/v2\/comments?post=15649"}],"version-history":[{"count":6,"href":"https:\/\/juriserver.de\/youpod.stagin\/wp-json\/wp\/v2\/pages\/15649\/revisions"}],"predecessor-version":[{"id":45027,"href":"https:\/\/juriserver.de\/youpod.stagin\/wp-json\/wp\/v2\/pages\/15649\/revisions\/45027"}],"up":[{"embeddable":true,"href":"https:\/\/juriserver.de\/youpod.stagin\/wp-json\/wp\/v2\/pages\/15647"}],"wp:featuredmedia":[{"embeddable":true,"href":"https:\/\/juriserver.de\/youpod.stagin\/wp-json\/wp\/v2\/media\/45025"}],"wp:attachment":[{"href":"https:\/\/juriserver.de\/youpod.stagin\/wp-json\/wp\/v2\/media?parent=15649"}],"curies":[{"name":"wp","href":"https:\/\/api.w.org\/{rel}","templated":true}]}}